= -s**3 - 34*s**2 + 25*s - 330. Give y(-35).
20
Let v(l) = -17*l + 248. Determine v(14).
10
Let f(p) = 2*p**2 + 201*p + 307. What is f(-99)?
10
Let v(i) = -16690*i + 216967. Determine v(13).
-3
Let m(d) = -201*d + 26. Calculate m(0).
26
Let w(v) = 2*v**3 - 16*v**2 + 37*v - 301. Calculate w(8).
-5
Let b(y) = 18342*y + 183417. Calculate b(-10).
-3
Let p(r) = r**3 - 9*r**2 + 32*r - 40. Calculate p(3).
2
Let j(s) = -57*s**2 - 4036*s - 3214. Determine j(-70).
6
Let b(m) = -15*m - 456. Determine b(-33).
39
Let f(c) = c**3 + 2*c**2 - 61*c + 20. Give f(-8).
124
Let r(m) = 2*m**2 - 137*m - 624. What is r(74)?
190
Let p(h) = -h**3 + 3*h**2 + 17*h - 3. Calculate p(-2).
-17
Let x(h) = h**3 - 9*h**2 + 77*h - 534. Determine x(8).
18
Let a(m) = 11*m**2 - 38*m + 349. Give a(6).
517
Let y(v) = -v**3 - 183*v**2 + 394*v + 4422. Give y(-185).
-18
Let r(a) = -44*a**2 + 7*a + 6. What is r(0)?
6
Let q(i) = i**3 - 4*i**2 - 59*i + 192. Calculate q(8).
-24
Let r(m) = 2*m**3 + 4*m**2 - m - 17. What is r(-3)?
-32
Let x(q) = q + 91. What is x(-48)?
43
Let v(y) = 8*y - 147. What is v(21)?
21
Let z(s) = 2*s**3 - 2*s**2 + 34*s - 63. What is z(2)?
13
Let q(l) = l**3 - 5*l**2 + 17*l + 2. Calculate q(3).
35
Let m(c) = -223*c - 24304. Give m(-109).
3
Let o(k) = -7*k**3 - 6*k**2 - 44*k - 81. Give o(-2).
39
Let j(a) = -4*a**2 - 415*a + 16059. Give j(30).
9
Let j(f) = 15315*f + 122514. Calculate j(-8).
-6
Let t(k) = 4*k**2 - 28*k + 12. Calculate t(6).
-12
Let z(s) = 100*s + 62. Determine z(2).
262
Let h(r) = 503*r - 41760. Calculate h(83).
-11
Let j(g) = -g**3 - 9*g**2 - 17*g - 164. What is j(-10)?
106
Let g(s) = 4*s**2 - 21*s - 240. Calculate g(15).
345
Let n(o) = 19*o - 543. Calculate n(27).
-30
Let v(z) = -15*z - 668. Calculate v(-46).
22
Let o(d) = 26*d**2 + 2058*d + 315. What is o(-79)?
-1
Let m(u) = -46*u + 341. What is m(7)?
19
Let n(l) = -l**3 + 10*l**2 - 21*l + 36. Give n(9).
-72
Let u(j) = 313*j + 932. Calculate u(-3).
-7
Let m(t) = -10*t - 82. Calculate m(-4).
-42
Let b(v) = -29*v + 272. Determine b(13).
-105
Let m(d) = 12*d - 851. Determine m(57).
-167
Let j(i) = -4*i + 56. What is j(25)?
-44
Let s(z) = 58*z**2 + 12*z + 48. Calculate s(-4).
928
Let g(p) = -p**2 - 51*p + 178. Give g(-58).
-228
Let b(r) = -r**3 - 17*r**2 - 36*r - 147. What is b(-15)?
-57
Let f(m) = 164*m - 482. Calculate f(3).
10
Let r(o) = -o**3 - 26*o**2 - 56*o - 220. Calculate r(-24).
-28
Let x(j) = -2*j**3 + 3*j**2 + 45*j - 122. What is x(3)?
-14
Let q(b) = 3*b**2 + 193*b - 7633. Calculate q(-92).
3
Let t(b) = -12*b**2 + 240*b - 13. Determine t(20).
-13
Let t(o) = -o**2 - 49*o - 106. What is t(0)?
-106
Let s(i) = 261*i - 727. Determine s(2).
-205
Let t(r) = 29*r**2 + 354*r + 68. Give t(-12).
-4
Let j(g) = -79*g + 121. Calculate j(4).
-195
Let j(i) = -7*i + 164. Determine j(7).
115
Let l(o) = 143*o + 1153. Determine l(-4).
581
Let w(t) = -13*t + 4. Determine w(-7).
95
Let r(z) = z**3 - 14*z**2 + 16*z - 9. Determine r(13).
30
Let h(y) = -33*y**2 - 2220*y - 604. Determine h(-67).
-1
Let l(w) = 122*w - 3374. Give l(28).
42
Let b(o) = -2*o**2 + 83*o + 777. Give b(-9).
-132
Let d(r) = -6*r**3 + 91*r**2 - 20*r + 80. Determine d(15).
5
Let d(b) = 10*b - 118. Calculate d(10).
-18
Let b(v) = 6*v + 356. What is b(-44)?
92
Let m(k) = -k**3 - 87*k**2 + 367*k - 3. What is m(4)?
9
Let g(b) = -7*b**2 - 44*b + 16. Calculate g(-8).
-80
Let o(w) = w**3 + 7*w**2 + 23*w + 144. Determine o(-7).
-17
Let b(q) = 8*q. Calculate b(7).
56
Let p(a) = -71*a + 11549. Give p(162).
47
Let x(f) = -12*f**2 + 187*f - 111. Give x(15).
-6
Let v(m) = m**2 - 6*m + 33. Determine v(4).
25
Let k(q) = -2*q**3 - 50*q**2 - 6*q - 60. Calculate k(-25).
90
Let q(l) = -l**2 + 127*l - 788. Calculate q(6).
-62
Let a(s) = s**3 + 12*s**2 + 11*s - 15. What is a(-7)?
153
Let m(q) = q**3 + 46*q**2 - 81*q + 724. Determine m(-48).
4
Let x(h) = -2*h**2 + 359*h - 16096. What is x(87)?
-1
Let r(u) = -221*u + 1385. What is r(6)?
59
Let v(r) = 21*r + 31. Calculate v(-5).
-74
Let z(v) = -190*v + 593. Give z(3).
23
Let k(d) = 2*d**3 + 49*d**2 + 35*d + 237. What is k(-24)?
-27
Let h(i) = 10503*i + 42007. Determine h(-4).
-5
Let i(n) = -188*n**3 - 4*n**2 + 9*n - 4. Give i(1).
-187
Let u(b) = 13*b**2 - 20*b + 295. Calculate u(0).
295
Let o(j) = -2*j**3 + 56*j**2 - 4*j + 52. Calculate o(28).
-60
Let c(k) = k**3 + 13*k**2 + 15*k + 36. Calculate c(-12).
0
Let a(d) = -5*d**3 - 31*d**2 - 13*d - 56. What is a(-6)?
-14
Let y(c) = c**2 + 53*c - 1482. Give y(20).
-22
Let h(v) = -v**3 + 14*v**2 - 39*v + 7. Give h(8).
79
Let s(k) = -7*k**3 - 37*k**2 - 9*k - 37. What is s(-5)?
-42
Let c(a) = 131*a + 136. Give c(0).
136
Let k(m) = m**3 + 86*m**2 + 184*m + 1346. What is k(-84)?
2
Let n(g) = -5*g**2 - g + 8. Calculate n(2).
-14
Let m(t) = -144*t - 982. What is m(-7)?
26
Let t(z) = 2*z - 58. Determine t(15).
-28
Let d(h) = -h**2 - 15*h + 50. Give d(6).
-76
Let o(z) = -z**2 + 123*z - 1626. What is o(15)?
-6
Let n(h) = 35*h**3 - h**2 + 5*h + 6. What is n(-1)?
-35
Let m(i) = -i**3 - 51*i**2 - 637*i + 17. Determine m(-22).
-5
Let k(t) = 4*t**3 - 56*t**2 - t + 16. Calculate k(14).
2
Let w(l) = l**3 + 26*l**2 + 17*l - 201. Calculate w(-25).
-1
Let z(h) = 3*h**2 + 12*h - 18. Determine z(-7).
45
Let a(u) = 25*u**2 - 199*u + 7. Give a(8).
15
Let q(j) = -6*j**2 - 154*j + 227. Calculate q(-27).
11
Let f(z) = z**2 - 40*z + 361. Calculate f(23).
-30
Let o(j) = -764*j + 7652. What is o(10)?
12
Let r(h) = -h**3 - 20*h**2 + 33*h + 912. Determine r(-19).
-76
Let j(u) = u**3 + 16*u - 46. Determine j(3).
29
Let p(l) = 20*l - 256. Give p(-1).
-276
Let n(s) = -99*s - 402. Give n(-4).
-6
Let y(b) = -11*b + 312. Determine y(27).
15
Let v(o) = -104*o + 1209. What is v(22)?
-1079
Let q(g) = -g**3 - 14*g**2 - 72*g - 208. Determine q(-6).
-64
Let m(z) = -140*z - 69. Determine m(0).
-69
Let o(v) = 821*v - 6546. Calculate o(8).
22
Let i(c) = c**2 - 454*c - 4176. Determine i(-9).
-9
Let w(c) = -c**2 + 42*c + 491. Give w(52).
-29
Let y(n) = -90*n**2 + 29*n + 2. Give y(1).
-59
Let b(g) = -10*g**3 - 2*g**2 + 760*g + 762. Give b(-1).
10
Let m(h) = h**3 - 9*h**2 - 52*h + 351. What is m(4)?
63
Let d(v) = -v**3 - 105*v**2 - 3*v - 327. Calculate d(-105).
-12
Let c(r) = -7*r**2 + 117*r + 51. What is c(17)?
17
Let t(l) = -2*l**3 - 31*l**2 + 45*l - 105. What is t(-17)?
-3
Let h(a) = 612*a + 37951. Give h(-62).
7
Let c(r) = 12*r**3 - 327*r**2 + 80*r + 10. Give c(27).
-17
Let s(h) = 4*h**3 + h**2 - 2*h - 5. Determine s(-1).
-6
Let n(k) = -16*k**2 + 64*k - 234. What is n(4)?
-234
Let j(t) = -63*t**3 + 10*t**2 - 2*t - 6. Give j(1).
-61
Let d(f) = f**2 - 307*f + 20379. Determine d(97).
9
Let d(n) = -93*n + 2059. Give d(22).
13
Let j(o) = -49*o + 638. What is j(18)?
-244
Let s(t) = 4*t**2 + 519*t - 693. What is s(-131)?
-38
Let c(u) = -u**3 + 31*u**2 + 71*u - 161. Determine c(33).
4
Let g(t) = -27*t + 384. Give g(14).
6
Let a(k) = -k**3 - 55*k**2 - 52*k + 80. Give a(-54).
-28
Let s(d) = 17095*d + 17098. Give s(-1).
3
Let f(k) = 104*k**3 - 2*k**2 + 29*k + 31. Calculate f(-1).
-104
Let r(g) = -26*g**2 + 42*g + 158. Give r(-4).
-426
Let l(w) = 4*w**3 + 5*w**2 - 18. What is l(-4)?
-194
Let n(m) = -m**3 - 2*m**2 + 57*m - 72. Determine n(6).
-18
Let p(c) = 75*c - 218. Give p(3).
7
Let g(w) = -w**3 - 18*w**2 - 81*w. Determine g(-7).
28
Let k(m) = 23*m + 354. Determine k(-29).
-313
Let b(h) = -h**3 + 10*h**2 + 139*h + 11. Determine b(18).
-79
Let y(p) = 2*p**2 - 300*p - 11225. Determine y(181).
-3
Let r(c) = c**3 - 18*c**2 + 770*c - 10002. What is r(14)?
-6
Let v(x) = 153*x - 270. Determine v(2).
36
Let h(k) = -5*k**2 - 339*k - 5576. What is h(-28)?
-4
Let p(s) = -773*s - 281377. Give p(-364).
-5
Let d(p) = 144*p + 1000. Calculate d(-7).
-8
Let f(s) = 137*s + 1924. Give f(-14).
6
Let b(j) = -115*j - 1116. Give b(-9).
-81
Let d(g) = -g**3 - 664*g**2 - 17807*g + 29. Determine d(-28).
1
Let o(g) = -6214*g + 37301. Determine o(6).
17
Let n(t) = 12*t + 845. Calculate n(-70).
5
Let l(f) = 5*f + 37. What is l(-2)?
27
Let m(n) = -60*n - 2379. Determine m(-37).
-159
Let k(x) = 8*x**2 - 4*x - 3. What is k(2)?
21
Let o(s) = 17*s - 555. Determine o(32).
-11
Let t(r) = -r**2 + 14*r - 169. Calculate t(13).
-156
Let r(c) = -1494*c - 4490. Calculate r(-3).
-8
Let p(q) = 64*q + 278. What is p(-5)?
-42
Let u(q) = -21*q**2 + 58*q + 192. What is u(-3)?
